*(l - 2). Is (-3)/(x/3) + 9 composite?
True
Let y be 66/55*(-5)/(-2). Is (-382)/1*y/(-6) a composite number?
False
Let r = 110 - 187. Let z = 50 - r. Is z a composite number?
False
Let r = 45 - 27. Let n = r - -17. Is n a prime number?
False
Suppose 0*d + 146 = -2*d. Let l be 1/2 + 414/4. Let m = l + d. Is m a composite number?
False
Let p = 260 + -27. Is p a prime number?
True
Let y be -15*-2*(-3)/(-18). Suppose -y = 3*o - 104. Is o composite?
True
Is (15138/(-45))/((-2)/5) a composite number?
True
Let p(z) = -278*z - 5. Is p(-5) prime?
False
Suppose -p - 161 = -2*p. Is p a prime number?
False
Is (-1635 + 4*3/(-6))*-1 a prime number?
True
Suppose f - 114 = -f. Is f prime?
False
Let p(z) = -z**3 + 11*z**2 - 4*z + 7. Let i be 8 + -1 + -1 + 4. Is p(i) composite?
False
Let k(c) = -10*c**3 + 6*c**2 - 7*c - 3. Let v(j) = -3*j**3 + 2*j**2 - 2*j - 1. Let r(g) = 2*k(g) - 7*v(g). Is r(4) a composite number?
True
Let n(p) be the second derivative of 2*p**3/3 - p**2/2 - 2*p. Is n(2) composite?
False
Suppose -2*s + 3*k + 20 = -k, 4*k = 4*s - 20. Suppose -2*u + 21 + 5 = -4*z, s = 4*u - z - 45. Is u a composite number?
False
Suppose -3*z + 84 = -4*a, a - 63 = 4*a + 4*z. Is -382*(a/6 - -3) prime?
True
Suppose 3*m + 4 = 13. Let n(t) = -3 + 5 + 8*t + m. Is n(6) a prime number?
True
Is 1676/1*(-1)/12*-3 a composite number?
False
Is (19644/24)/((-1)/(-2)) prime?
True
Let c(o) be the second derivative of 19*o**4/12 + 3*o**2/2 - 2*o. Let b be c(-3). Let f = b + 37. Is f a composite number?
False
Let h = 2 + 1. Suppose o + 0*o - h*g = 403, 2*o - 786 = -4*g. Is o a prime number?
True
Suppose -2*j + 14*q - 15*q + 3084 = 0, -5*j + 7707 = 4*q. Is j prime?
True
Let k(b) = 26*b**2 - 13*b - 8. Is k(-5) prime?
False
Suppose 2*g = 3*u - 12 - 7, -65 = -5*u - 5*g. Is 312/u - 3/(-9) a composite number?
True
Let c = 9 - 5. Suppose -3*i = c*w - 33, 5*w = -2*i + 17 - 2. Is i composite?
True
Let n(h) = h - 6. Let d be n(8). Suppose -2*x - 136 = -2*i, 172 - 57 = d*i + 5*x. Is i a prime number?
False
Let t be -2 - (-1 + 1)/(-1). Let h be 12/9 + t/(-3). Suppose -v + 147 = h*v. Is v a composite number?
True
Let c(d) = 1691*d + 2. Is c(1) composite?
False
Suppose 36*r = 38*r - 2018. Is r a prime number?
True
Let d(y) = -y - 7. Let c be d(-5). Is c + (-3)/(9/(-264)) a prime number?
False
Let s = -70 - -147. Is s prime?
False
Let t be -1*(-3 + (-3)/(-1)). Suppose -5*s + t*s + 445 = 0. Is s prime?
True
Let s = -3380 + 5013. Is s composite?
True
Suppose 1555 - 203 = 4*w. Let f = w - 207. Is f prime?
True
Suppose -4*x + 4 + 4 = 0. Suppose -x*q + 0*q + 6 = 0. Suppose -2*a - q*z = -0*z - 51, -2*z - 99 = -5*a. Is a a prime number?
False
Let t = 1 + 3. Suppose -t*b - x = -505, 2*x = -4*b - 2*x + 496. Is b composite?
False
Let q(g) = -8*g**2 - g. Let m be q(1). Is 2/m + 2348/36 a composite number?
True
Let x(t) = 6*t**2 + 2*t - 1. Let v(z) = z**3 + 4*z**2 - 2. Let i be v(-4). Is x(i) prime?
True
Is -46*(3/6)/(-1) prime?
True
Suppose 2*a - 5*a = -12. Is 75/a - (-2)/8 prime?
True
Let g = -1037 + 2020. Is g a prime number?
True
Suppose -a + 3*s = -10, -3*a + 22 = 3*s - 8*s. Suppose j = -3*d - a*j + 134, -20 = 4*j. Is d a composite number?
False
Suppose -q = -f + 2*f - 8, 3*f - 9 = 0. Suppose 556 - 31 = -q*z - 5*j, 3*z + 323 = -5*j. Let s = -50 - z. Is s composite?
True
Let w(m) = m**2 + m + 13. Suppose -5*i + 64 = 2*q + 2*q, 3*q - 45 = -3*i. Is w(q) composite?
True
Suppose q = c - 182 - 320, 3*q - 506 = -c. Is c a composite number?
False
Suppose 5*t = 2*k - 129, -t + 1 = -k + 73. Is k prime?
False
Let d(z) = 3*z**3 - 6*z**2 + 5*z - 13. Is d(10) prime?
True
Suppose -g + 1197 = 5*m, -4*m = 2*g + 2*g - 4852. Is g a composite number?
False
Let r(l) be the third derivative of 5*l**4/24 + l**3 + l**2. Let y be r(5). Let b = y - 12. Is b composite?
False
Suppose 3*d + 2 = -5*j, 3 + 1 = -4*j. Suppose o - 3 = d. Suppose 0 = 5*z - u - 275, -o*z + u = -205 - 15. Is z a prime number?
False
Suppose -106*m + 109*m = 16311. Is m composite?
False
Suppose 0 = 4*i + 472 + 116. Let l = -28 - i. Is l prime?
False
Suppose -2135 = -10*o + 5*o. Is o composite?
True
Suppose -k + 6*k + 20 = 0. Let m be (-1 - (k - -2))*5. Suppose 0*c = 5*c - 5*q - 165, 189 = m*c + q. Is c a composite number?
False
Let c = 5 - 5. Suppose -o - 3*o - 732 = c. Let i = 344 + o. Is i a composite number?
True
Let v be (4/2)/(2/4). Suppose -v*w + 10 = -9*w. Is (w/(-4))/((-2)/(-40)) a composite number?
True
Let p be -2 - -1 - 2*-24. Let b be 19/(-2) + (-2)/4. Let u = b + p. Is u composite?
False
Let t = 865 + -558. Is t composite?
False
Let a(k) = -k + 11. Let z(n) = n - 12. Let m(x) = 4*a(x) + 3*z(x). Let t be m(10). Is 87 - ((1 - t) + -1) prime?
False
Suppose d - 25 = -4*c, 0 = -2*d - d + 3*c + 60. Let j be 3/(-2)*(-56)/d. Is 1/j - 75/(-4) composite?
False
Suppose 2*k + 2*g + 1418 = 0, -6*k - 2832 = -2*k + 3*g. Let h = k + 1276. Is h prime?
True
Is (-5)/15 + ((-25792)/(-12))/1 composite?
True
Let i(f) = 11*f + 17. Let g(u) = -5*u - 9. Let h(z) = 7*g(z) + 4*i(z). Is h(6) prime?
True
Let v(o) = o**3 - 9*o**2 + 8*o + 2. Let p be v(8). Suppose -p*b + 6*b - 308 = 0. Is b composite?
True
Let t = -10 - -25. Is t + -1 + -1 + 2 a prime number?
False
Suppose -6*g + 2494 = -4*g. Is g composite?
True
Let n = 2145 + 731. Suppose g - 5*g + n = 0. Is g composite?
False
Let b(c) = -c**2 + 13*c + 3. Let f be b(8). Let w = f - 8. Is w composite?
True
Let q(m) = m**2 - m - 1. Let r(s) = -4*s**2 + 7*s + 10. Let f(c) = 6*q(c) + r(c). Is f(-3) a prime number?
True
Let t = 4297 + -1860. Is t composite?
False
Suppose 3*b + 54 = -0*b. Let h be ((-6)/9)/((-3)/b). Let r(f) = -11*f + 5. Is r(h) a composite number?
True
Is ((-8826)/12)/(9/(-6) - -1) a composite number?
False
Suppose 5*t = 15 + 15. Suppose t*v - 3*v = 180. Let w = -14 + v. Is w a composite number?
True
Let u(y) = 56*y**2 + 4*y - 5. Is u(5) prime?
False
Let q be (-1 - (-414)/(-8))*-4. Let y = q - -52. Is y composite?
False
Let b = 206 + -73. Is b a prime number?
False
Let o = 532 - 239. Is o composite?
False
Suppose -3*r + r + 8 = 0. Let u = -4 + r. Suppose u = m - 8 - 3. Is m composite?
False
Suppose -a = -3*a + 122. Let g = 107 - a. Is g a prime number?
False
Is 21/2*8886/9 a composite number?
True
Suppose -17 + 4 = -2*q - 5*t, 4*q = -4*t + 20. Suppose -2*w - w + 3*x = -702, 4*w - 916 = -x. Suppose -w = -q*g - g. Is g prime?
False
Suppose 3*m + 421 = 5*x, 5*m - 2*x = 3*x - 705. Is (-1)/1*(m - 1) a composite number?
True
Suppose -3*i + 366 - 116 = 2*v, -4*i = -16. Is v a composite number?
True
Let y = 7 + -2. Let x(d) = 25*d - 4. Let i(f) = 12*f - 2. Let m(o) = y*i(o) - 2*x(o). Is m(4) a composite number?
True
Let z(o) = 24*o - 1. Is z(1) a composite number?
False
Let c(s) be the first derivative of 2*s**2 - 9*s - 4. Let b(o) = 2*o - 5. Let z(k) = -7*b(k) + 4*c(k). Is z(4) a prime number?
True
Suppose -u + n + 395 = 45, 3*n - 1435 = -4*u. Is u a prime number?
False
Let x(i) = 7*i + 1. Let n be x(-1). Let v = -3 - n. Suppose -q + 44 = v*q. Is q composite?
False
Suppose -33 + 3 = 5*q. Let d = q + 41. Is d a prime number?
False
Let m = -1 + 2. Let k be (-272)/(-6) + m/(-3). Let f = -24 + k. Is f prime?
False
Suppose 8*i = 6*i + 3386. Is i a prime number?
True
Let z = 2 - -6. Let v be -2 - z/(-2 + 4). Is (-2)/(4/v + 0) composite?
False
Let j(f) = 50*f**3 - 3*f**2 - 4*f + 1. Is j(2) a prime number?
False
Let j(k) = 15*k**3 - k**2 - 17*k + 10. Is j(7) composite?
False
Let f be (-6 + 5)/((-2)/70). Let q = f - 21. Is q a prime number?
False
Let o = -7996 + 11265. Is o prime?
False
Suppose 0 = -5*s - 0*s - 10. Is s + (-5)/(5/(-24)) composite?
True
Let v(f) = -12 + 38 + f**2 - f + 29. Let k = -4 - -4. Is v(k) composite?
True
Let x(p) = 5*p**3 - 1. Is x(3) prime?
False
Is 4284/8 - (-3)/(-6) composite?
True
Let o = 1444 - 699. Suppose -4*s = -4*x + o + 587, -672 = -2*x + 5*s. Is x a prime number?
True
Suppose 2 = -2*k + k - 3*f, -4*k = -3*f - 22. Suppose 17 = -k*z + 349. Is z a prime number?
True
Let w(b) = b**2 + 5*b + 5. Let i(h) = 11*h**3 - 1. Let d be i(1). Is w(d) a prime number?
False
Is 1552/4 - (2 + -5) composite?
True
Let r(x) = -30*x + 41. Is r(-20) a composite number?
False
Let x(d) = -24*d**3 - d**2 - d. Let o be x(-1). Let j(v) = v**3 + 4*v**2 - 3. Let m be j(-4). Let w = o + m. Is w a composite number?
